{"id":524,"date":"2014-02-08T18:14:39","date_gmt":"2014-02-08T17:14:39","guid":{"rendered":"http:\/\/www.borai.de\/wordpress\/shop\/?post_type=product&#038;p=524"},"modified":"2019-01-03T16:55:40","modified_gmt":"2019-01-03T15:55:40","slug":"bolte-star","status":"publish","type":"product","link":"https:\/\/borai.de\/shop\/?product=bolte-star","title":{"rendered":"Bolte Star"},"content":{"rendered":"<p><span style=\"font-size: x-large;\">Newspaper Novel Sketch<\/span><\/p>\n<p><span style=\"font-size: large;\"><em>\u00bbDie meisten kennen sie nur von ihrem kleinen Tarnunternehmen, der H\u00fchnerfarm, und nur manche wussten wirklich, was unten in den F\u00e4ssern im Keller war. Gl\u00fccklicherweise gibt es noch dieses Portrait von ihr, es muss entstanden sein kurz bevor sie ihn kennen lernte, Paul Ludwig Bolte. <\/em><\/span><em><span style=\"font-size: large;\">\/ frei nach der Geschichte, mit und \u00fcber Personen aus \u201cMax und Moritz\u201d von Wilhelm Busch (1832-1908).\u00ab<\/span><\/em><\/p>\n<p>&#8222;Bolte Star&#8220;- sketch\/ &#8217;newspaper novel&#8216;-<br \/>\nthe young &#8218;Widow Bolte \/portrait&#8216; &#8211; based on the story &#8218;Max and Moritz&#8216; from Wilhelm Busch (1832-1908).<br \/>\nAcrylic on double newspaper (glued), framed with a coloured marginal-passepartout\/border (optional) &#8211;<br \/>\nsigned &amp; dated at the back.<\/p>\n","protected":false},"excerpt":{"rendered":"<ul>\n<li><span style=\"font-size: large;\">Acryl auf Zeitung<\/span><span style=\"font-size: large;\">, 118,5 x 83cm <\/span><\/li>\n<li><span style=\"font-size: large;\">signiert &amp; datiert auf der R\u00fcckseite, 2010<\/span><\/li>\n<li>\n<p class=\"category-size\">Painting<br \/>\nSize: 118.5 H x 83 W x 0.1 cm\u00a0\u00a0\u00a0\u00a0\u00a0\u00a0 Ships in a cardboard box<\/p>\n<\/li>\n<li>Sale on Saatchi Art<\/li>\n<\/ul>\n<p>&nbsp;<\/p>\n<p>&nbsp;<\/p>\n","protected":false},"featured_media":523,"comment_status":"open","ping_status":"closed","template":"","meta":[],"product_brand":[],"product_cat":[24],"product_tag":[29,52,27],"class_list":{"0":"post-524","1":"product","2":"type-product","3":"status-publish","4":"has-post-thumbnail","6":"product_cat-news-painting","7":"product_tag-bolte","8":"product_tag-malerei","9":"product_tag-newspaper","11":"first","12":"instock","13":"featured","14":"sold-individually","15":"product-type-external"},"_links":{"self":[{"href":"https:\/\/borai.de\/shop\/index.php?rest_route=\/wp\/v2\/product\/524","targetHints":{"allow":["GET"]}}],"collection":[{"href":"https:\/\/borai.de\/shop\/index.php?rest_route=\/wp\/v2\/product"}],"about":[{"href":"https:\/\/borai.de\/shop\/index.php?rest_route=\/wp\/v2\/types\/product"}],"replies":[{"embeddable":true,"href":"https:\/\/borai.de\/shop\/index.php?rest_route=%2Fwp%2Fv2%2Fcomments&post=524"}],"wp:featuredmedia":[{"embeddable":true,"href":"https:\/\/borai.de\/shop\/index.php?rest_route=\/wp\/v2\/media\/523"}],"wp:attachment":[{"href":"https:\/\/borai.de\/shop\/index.php?rest_route=%2Fwp%2Fv2%2Fmedia&parent=524"}],"wp:term":[{"taxonomy":"product_brand","embeddable":true,"href":"https:\/\/borai.de\/shop\/index.php?rest_route=%2Fwp%2Fv2%2Fproduct_brand&post=524"},{"taxonomy":"product_cat","embeddable":true,"href":"https:\/\/borai.de\/shop\/index.php?rest_route=%2Fwp%2Fv2%2Fproduct_cat&post=524"},{"taxonomy":"product_tag","embeddable":true,"href":"https:\/\/borai.de\/shop\/index.php?rest_route=%2Fwp%2Fv2%2Fproduct_tag&post=524"}],"curies":[{"name":"wp","href":"https:\/\/api.w.org\/{rel}","templated":true}]}}